
-1
What is -9 + -9 + (22 - 8)?
-4
Calculate -3 + -5 - (-21 + 7).
6
What is the value of 1 + (7 - 13) + 2?
-3
Evaluate 8 + -7 - -4 - 1.
4
Calculate 2 - ((14 - 11) + 4 + 1).
-6
What is 9 + -9 - (-1 + -1)?
2
What is the value of 0 + -2 + 0 + 5 - 1?
2
Evaluate (7 + 3 - 19) + 18.
9
1 - -4 - 4 - -4
5
Calculate 0 + -4 - (-23 + 23).
-4
Evaluate -2 + (-1 + 8 - 4).
1
What is the value of 0 - (-1 - 4) - (-23 - -24)?
4
-3 + -4 + (37 - 39)
-9
Calculate 4 + -10 + 1 + 9 - 7.
-3
Calculate 4 - -10 - 6 - 5.
3
Evaluate (8 - 1) + -1 + -3.
3
(-19 - -14) + 19 + -9
5
-4 - (1 + 1 - 1)
-5
(-23 - -8) + 10 + 1 + 1
-3
What is 123 - 117 - ((-1 - -2) + 0)?
5
-2 + 1 + 8 - (-26 + 30)
3
-8 + 4 + 6 + -5
-3
What is the value of -1 + (-3 - 4) - (-11 - -11)?
-8
Evaluate (-11 - -6) + 7 - 5.
-3
Evaluate 12 + -10 + -3 - -2.
1
What is the value of -2 + (-6 - (-3 + -5)) + 2?
2
What is the value of -1 - -6 - (10 - 1)?
-4
(-1 - 13) + 17 + 2
5
Calculate -3 + -4 - (-9 + -3 + 4).
1
What is 1 + 5 - (0 + 5 + -4)?
5
Calculate 1 + -6 + -4 + (12 - -5).
8
Evaluate 5 - 12 - ((1 - 3) + 1).
-6
What is the value of 2 - (-11 - -10 - (-3 + -6))?
-6
What is -1 + 8 + -1 + (-1 - 0)?
5
Calculate (-2 - 1) + -2 - (117 - 126).
4
What is the value of 8 + -2 + 4 - (8 - 4)?
6
What is 0 - (3 - 3) - (5 - 4)?
-1
What is -9 - ((-2 - 7) + 7)?
-7
Evaluate -3 - (8 + 5 + (-6 - 8)).
-2
What is the value of -1 - (-2 + 3) - (-7 - -1)?
4
What is 1 + 2 - (9 + -5) - -5?
4
What is (0 - -2 - (-3 - -2)) + -7?
-4
Evaluate -2 + (-4 + -2 - -12) + -5.
-1
What is -8 - -4 - (1 + (-1 - 4))?
0
Evaluate (-3 + 1 - 1 - -4) + -2.
-1
What is the value of 13 + -9 + (-1 - 0) - 4?
-1
What is -2 - (0 + 4 - 5)?
-1
What is the value of (0 - 1) + 2 + (9 - 6)?
4
3 - 2 - (-31 - -36)
-4
What is -6 + 7 - (0 + 2 - -1)?
-2
Evaluate -1 + 1 - (10 + (-7 - 8)).
5
Calculate (1 - -1) + (4 - 3 - 6).
-3
(3 - 6) + (-1 - -3)
-1
0 - 1 - (7 - (5 + 8))
5
What is the value of (-2 - -4) + (1 - 2 - 3)?
-2
Calculate 1 - (7 + -2 - 2).
-2
What is 1 + (3 - (-2 + 4))?
2
Evaluate -2 - (5 + 1 + 2 + -5).
-5
Calculate -7 + 4 + 2 - -5.
4
What is -11 - -2 - (5 - (19 + -11))?
-6
What is the value of (2 - (-3 + 6)) + 0 - -3?
2
Calculate 1 - ((9 - 10) + 2).
0
Evaluate 1 + 7 + -10 + -3 - -1.
-4
Evaluate (-4 - 2) + (5 - 0).
-1
What is the value of 3 - (2 - (2 + -4)) - 6?
-7
12 + -1 - (4 + 3)
4
4 - (9 - (-4 - -6))
-3
2 - (-16 + 8) - 3
7
What is -4 - (1 - (2 - 2))?
-5
Evaluate -4 - 0 - (-24 - -20).
0
Evaluate 15 + -14 - (3 - 2).
0
Calculate 4 + (-5 - -6) - 4.
1
Calculate (-1 - 0) + (-1 - -11 - 9).
0
-4 + (4 + -5 - -3)
-2
What is the value of 13 + (-7 - (4 - 4))?
6
What is the value of (0 - 3) + (0 - (0 + 0))?
-3
What is 7 + (-3 + -3 - -8)?
9
(-4 - -7) + 0 + -6
-3
(5 - 6) + -5 + 3
-3
1 - (3 - -1) - -8
5
What is (1 - (1 + 1)) + 4?
3
What is the value of -5 + 21 + -9 + -1?
6
Evaluate (4 - 2) + (-5 - 2) + 4.
-1
What is the value of (-2 - (0 + 1) - -10) + -2?
5
-4 + (-2 - -5) + (18 - 22)
-5
Calculate (345 - 347) + (1 - 2) + -1.
-4
Evaluate 8 - (-7 + 13 + -5 + -2).
9
What is the value of (-1 - 7) + (-19 - (-5 - 21))?
-1
What is -1 + (0 - (-3 - 1))?
3
2 + 1 + (-2 - (0 - -3))
-2
Evaluate -1 + -2 + -2 + 4.
-1
Evaluate 12 + -3 + (2 - 7).
4
What is 3 + -2 + 2 + 12 + -19?
-4
What is -6 - (-9 + -5 + 6)?
2
16 + -18 + (5 - -2)
5
Calculate -7 - (-3 + 1 + 3 + -3).
-5
Evaluate -20 - ((-4 - 4) + -6).
-6
What is -8 + (28 - 1) + -10?
9
Evaluate -1 - (6 - (-2 - (-6 + 1))).
-4
Evaluate -5 + -4 - (0 + -4).
-5
What is -1 + (-7 - (-1 + -1)) + 6?
0
3 + 0 + -1 - (26 + -25)
1
What is the value of 8 + -8 + -13 + 7?
-6
What is the value of -12 - (-14 - -23 - 12)?
-9
What is (-5 - -16) + (-14 - -7)?
4
What is -9 + -2 + (16 - 4 - 7)?
-6
0 - 1 - (8 - 4)
-5
Evaluate -20 + 23 + 0 + 0 + 1.
4
Evaluate -9 - -3 - (7 + (3 - 15)).
-1
Calculate -4 + (0 - (0 - 8)).
4
Evaluate -6 + 6 - (-5 - -1) - 8.
-4
What is 6 + -7 - (2 - 8)?
5
What is the value of -11 + (-7 - (-16 + 2))?
-4
Evaluate 1 + 1 + 2 - (7 - 4).
1
Calculate -2 + (5 - 0) + (-6 - -5).
2
Calculate 7 - (7 + -7 + 2) - -4.
9
What is the value of (-12 - (-7 + -5 + 5)) + 8?
3
What is -13 + 12 + 0 - (-4 + 1)?
2
What is the value of 1 - (-1 - 0 - (3 + 0))?
5
(204 - 206) + 1 + 4
3
What is the value of (-4 - -11) + -2 + 8 + -15?
-2
What is the value of 3 - (-7 + 13 + -1)?
-2
What is -12 + 7 - (1 + -12)?
6
What is the value of -1 - (-2 - (3 - 5))?
-1
What is (13 - (-2 + 11)) + -5?
-1
What is the value of (6 - 3) + 0 + 0 + -4?
-1
Evaluate 4 + ((-4 - 1) + 5 - 7).
-3
What is the value of 0 + -5 + 5 - -4?
4
-9 + (0 - (-3 - (-5 + 6)))
-5
What is 3 + (11 - 5 - (6 - -8))?
-5
10 - 15 - (-1 + -10)
6
What is 1 - 6 - (36 - 42)?
1
What is -3 - -1 - -2 - 5?
-5
What is (-1 - -7) + (-13 - -8)?
1
Evaluate 16 + (-10 - -1) - 1.
6
(-10 - -6) + (-7 - -5)
-6
Evaluate 2 + 7 + -7 + -4 + -2.
-4
What is (0 - -1) + (3 - (4 + 0))?
0
What is the value of -14 + (10 - -1) + 0?
-3
Evaluate -1 + -1 + -7 + 131 + -122.
0
Evaluate 125 + -127 - (-1 + -9).
8
Evaluate -33 + 29 + -1 + 5.
0
Calculate -3 - 0 - (-12 + 6).
3
Calculate 0 + (-1 - 1 - (12 + -15)).
1
(-1 - 3) + (3 - (-5 + 1))
3
Evaluate (2 - 7) + (4 - (9 + -5)).
-5
What is 3 - 13 - (0 + -5)?
-5
18 + -23 - (-1 - 5)
1
Calculate (4 - (-5 + (2 - -1))) + -7.
-1
Calculate (4 - 3) + 4 + 3.
8
Calculate (-5 - 0) + (5 - 3).
-3
What is the value of 3 - (1 + 7 + -3 - 1)?
-1
Calculate 5 - (0 + -2 - -2).
5
Calculate 2 - (5 + (1 - 4)) - -1.
1
What is (3 - (2 - 4)) + 0?
5
Calculate 0 + 8 + (-63 - -62).
7
Evaluate 6 - 2 - (-1 + 3) - -1.
3
0 + -2 + -1 + 4
1
What is the value of (5 + -5 - -4) + -1?
3
-1 - (-1 - 5) - (11 + -9)
3
-4 - (4 + -2 - (-8 + 15))
1
What is 1 - 3 - (18 - (-11 - -29))?
-2
Evaluate 9 + -6 + 0 + -1.
2
Evaluate 10 + -7 - (0 + (1 - -1)).
1
3 - (-2 - -4) - (3 - -2)
-4
Evaluate 1 + (1 - (-3 + -2)) - -2.
9
Calculate 0 + 14 + (-4 - 9) + 7.
8
Calculate 2 - (1 - (-2 + 2)).
1
What is -3 - ((1 - 3) + 1) - 0?
-2
What is the value of -8 - (-7 + 2) - (-2 - -4)?
-5
Calculate -1 - (-4 - -3 - -1).
-1
(6 - 3) + (4 - 3)
4
Calculate 0 + (-16 - (-1 + -7)).
-8
Calculate 2 + -18 + (19 - 8).
-5
Evaluate -5 + (-1 - 2) + 10.
2
What is the value of -6 - (1 - 1 - 2 - -1)?
-5
(2 - 11) + (-25 - -30)
-4
Evaluate 6 - (1 + 2 + (-3 - -1)).
5
Calculate -14 - (-7 + -11 + 5).
-1
Evaluate -2 + 0 + -1 - -1 - -1.
-1
What is 11 + (-24 - (-17 + 6))?
-2
-2 + (5 - 2) + -6
-5
Calculate 4 + (-1 - 2) + 2.
3
What is the value of -3 + 2 - (13 + -12)?
-2
4 + -1 + 3 + -10 + 3
-1
What is 7 - (-10 - -18) - 0?
-1
Evaluate -12 - (-13 + 22 - 29).
8
Evaluate 3 + -10 + 4 + (-3 - -9).
3
What is the value of 8 - (4 - (-2 + -2))?
0
What is 0 - -7 - (1 - (-13 - -7))?
0
Calculate -5 + 17 + -9 + (4 - 1).
6
2 - -2 - (0 + -1)
5
Evaluate -1 + (-6 - (-2 - 4)).
-1
9 + -10 + (4 - 0) + -10
-7
(-1 - -4) + 0 - -2
5
Calculate -1 - (-8 - -7 - (1 - 6)).
-5
Calculate 3 + (0 - -4 - 0 - 8).
-1
-1 + -4 + (8 - (-5 - -12))
-4
39 + -52 + 7 + -4
-10
What is 1 + (8 + -2 - 12)?
-5
(-16 - -19) + (-1 - 6)
-4
Evaluate (7 - 4) + 6 + -5.
4
Evaluate 11 + -1 - (0 + 7 - 6).
9
Evaluate -9 - -5 - (2 + -4 - 0).
-2
3 - (0 + 1) - -1
3
What is -1 - 3 - (-22 - -14)?
4
What is the value of -1 - (-7 - (-13 + 3) - 8)?
4
7 - (-2 - (2 + -3))
8
Evaluate 4 - -7 - (-6 - -14).
3
-68 + 70 + 2 + 0
4
What is the value of -26 + 24 - (-2 - 0)?
0
What is -67 + 74 - (-1 - -9)?
-1
What is the value of 9 - (8 + 20 - 11)?
-8
What is -1 + -3 + 1 + (1 - 3)?
-5
What is the value of -18 - -10 - -5 - -8?
5
Evaluate 3 + -7 + 5 - 1.
0
Calculate -8 + 20 + -6 + 0.
6
Evaluate (3 - -1 - 6) + 0.
-2
What is 4 + -1 + 2 + 2 + 0?
7
-21 - (-9 - (-7 - -11))
-8
What is the value of 19 - (5 + 12) - (-5 + 1)?
6
What is the value of -3 + -6 - (-16 + 2)?
5
What is the value of 4 + 18 + -19 + 1 + -6?
-2
Evaluate (7 - (-4 - -16)) + -2 + 8.
1
What is 5 - (2 + 8) - -14?
9
Calculate (-2 - -4) + (-4 - 5).
-7
Calculate -9 - -5 - -9 - (-7 - -3).
9
Calculate 1 + -4 + (25 - 27).
-5
Calculate (2 - 0) + (8 - 14).
-4
Evaluate -1 + -1 - (-25 - -26) - 3.
-6
What is the value of 0 - ((11 - (7 - 1)) + -3)?
-2
Evaluate (-3 - -7) + (-33 - -19).
-10
What is the value of 21 + -20 + (-6 - 0) + 0?
-5
What is 43 - 53 - (-10 - -2)?
-2
What is the value of 1 - (3 - 5 - (2 - -2))?
7
Calculate 2 + (0 - 3) - 0.
-1
Calculate 3 - (0 - (-3 + -4)).
-4
-15 - (22 + -9 - 19)
-9
What is -5 + -3 - (22 + -25)?
-5
Calculate 0 + 0 + 